{"id":8106,"date":"2022-06-21T11:30:05","date_gmt":"2022-06-21T11:30:05","guid":{"rendered":"https:\/\/bitrecall.com\/gritbc\/?page_id=8106"},"modified":"2023-01-26T11:45:35","modified_gmt":"2023-01-26T11:45:35","slug":"eventi","status":"publish","type":"page","link":"https:\/\/gritbc.com\/?page_id=8106","title":{"rendered":"Attivit\u00e0"},"content":{"rendered":"<p>[vc_row][vc_column width=&#8221;1\/2&#8243;][vc_column_text]<\/p>\n<h2><strong>16 &#8211; 17 MAGGIO 2003<\/strong><\/h2>\n<p>Invito a partecipare ai lavori del \u201cForum delle Camere di Commercio delle Aree dello Ionio e dell\u2019Adriatico\u201d tenutosi nella citt\u00e0 di Igoumenitsa (Gr).<br \/>\nNei giorni 16 e 17 maggio 2003 il Presidente, in rappresentanza della Camera, interveniva presso il \u201cForum delle Camere di Commercio delle Aree dello Ionio e dell\u2019Adriatico\u201d tenutosi ad Igoumenitsa, al quale la ns. Associazione \u00e8 stata invitata a prendere parte anche al fine di presentare la neonata Camera.[\/vc_column_text][\/vc_column][vc_column width=&#8221;1\/2&#8243;][vc_column_text]<\/p>\n<h2><strong>13-21 SETTEMBRE 2003<\/strong><\/h2>\n<p>Artecipazione alla Fiera del Levante presso lo stand \u201cBorsa degli Affari\u201d.Nel periodo 13-21 settembre 2003 la Camera \u00e8 stata presente alla Fiera del Levante presso lo stand \u201cBorsa degli Affari\u201d. Il box della Camera di Commercio Italo-Ellenica ha richiamato l\u2019attenzione di imprenditori dell\u2019Italia meridionale, oltre che di alcuni operatori stranieri interessati a sviluppare o ad incrementare i propri rapporti economico-commerciali con la Grecia.<br \/>\nNel corso della manifestazione \u00e8 stato, inoltre, organizzato dalla C.C.I.E. un seminario di presentazione della Grecia dal punto di vista economico e delle opportunit\u00e0 di investimento agevolato in alcune parti del suo territorio, nonch\u00e9 delle attivit\u00e0 della Camera[\/vc_column_text][\/vc_column][\/vc_row][vc_row][vc_column width=&#8221;1\/2&#8243;][vc_column_text]<\/p>\n<h2><strong>OTTOBRE 2003<\/strong><\/h2>\n<p>Promozione tramite servizio di mailing.La promozione della Camera \u00e8 stata attuata inoltre, nel mese di ottobre 2003, tramite un servizio di mailing che ha comportato l\u2019invio di circa 2700 lettere di presentazione dell\u2019Associazione ad altrettante aziende greche oltre che alle principali fiere italiane, invitando queste ultime ad informare la C.C.I.E. delle manifestazioni che, periodicamente, andranno ad organizzare.<br \/>\n&#8211; Ottobre 2003 \u2013 avvio di colloqui con la Camera di Commercio Italiana per la Grecia di Atene.<br \/>\nNel mese di ottobre 2003 sono stati avviati, mediante la collaborazione del Ministro Plenipotenziario per il Commercio dell\u2019Ambasciata di Grecia a Roma dott. Yannis Tzen, colloqui con la Camera di Commercio Italiana per la Grecia di Atene, nella persona del suo Presidente, finalizzati ad avviare una partnership tra le due Camere, con l\u2019obiettivo di evitare inutili sovrapposizioni tra le due realt\u00e0 e di accrescere la notoriet\u00e0 di entrambi i sodalizi negli opposti territori.[\/vc_column_text][\/vc_column][vc_column width=&#8221;1\/2&#8243;][vc_column_text]<\/p>\n<h2><strong>19 NOVEMBRE 2003<\/strong><\/h2>\n<p>Conferenza stampa presso la sede dell\u2019Ambasciata della Repubblica Ellenica.Al fine di rendere nota anche alla stampa ellenica e italiana l\u2019esistenza e le finalit\u00e0 della C.C.I.E., \u00e8 stata organizzata in data 19 novembre 2003, presso la sede dell\u2019Ambasciata della Repubblica Ellenica, una conferenza stampa che ha visto riuniti, oltre ai componenti del Consiglio di Amministrazione ed ai soci fondatori, alcuni addetti commerciali di altre ambasciate di paesi balcanici ed inviati di testate giornalistiche.[\/vc_column_text][\/vc_column][\/vc_row][vc_row][vc_column width=&#8221;1\/2&#8243;][vc_column_text]<\/p>\n<h2><strong>27 NOVEMBRE 2003<\/strong><\/h2>\n<p>Convegno presso la sede dell\u2019Associazione Industriali della Provincia di Lecce. Successivamente, \u00e8 stato organizzato, in data 27 novembre 2003, un convegno presso la sede dell\u2019Associazione Industriali della Provincia di Lecce, che ha costituito un\u2019importante occasione di presentazione della Camera ad Enti, Istituzioni ed imprese del Salento e della Puglia in generale. Il favorevole riscontro di tale iniziativa ha suscitato interesse anche nei vertici della locale Universit\u00e0, che ha espresso la propria disponibilit\u00e0 ad approfondire possibilit\u00e0 di cooperazione con la C.C.I.E.<br \/>\n&#8211; Novembre\/dicembre 2003 \u2013 organizzazione, in collaborazione con l\u2019Ufficio Commerciale dell\u2019Ambasciata della Repubblica Ellenica, di una missione commerciale in Grecia. Nel periodo novembre\/dicembre 2003 questa Associazione ha concorso con l\u2019Ufficio Commerciale dell\u2019Ambasciata della Repubblica Ellenica all\u2019organizzazione di una missione commerciale in Grecia, composta da imprenditori italiani interessati ad avviare collaborazioni economiche con controparti greche.[\/vc_column_text][\/vc_column][vc_column width=&#8221;1\/2&#8243;][vc_column_text]<\/p>\n<h2><strong>23-25 GENNAIO 2004<\/strong><\/h2>\n<p>Missione commerciale tenutasi a Patrasso, dal titolo \u201cSimposio Italo-Ellenico dell\u2019imprenditoria e della collaborazione\u201d.Nei giorni 23-25 gennaio 2004 si \u00e8 tenuta, a Patrasso, la prima missione commerciale organizzata dalla C.C.I.E. e che ha visto la partecipazione di una significativa rappresentanza di imprenditori nonch\u00e9 di istituzioni politiche ed economiche della provincia di Achaia, del Peloponneso e di altre zone della Repubblica Ellenica[\/vc_column_text][\/vc_column][\/vc_row][vc_row][vc_column width=&#8221;1\/2&#8243;][vc_column_text]<\/p>\n<h2><strong>26 GENNAIO 2004<\/strong><\/h2>\n<p>Firma del Protocollo di Collaborazione con la Camera di Commercio Italiana per la Grecia di Atene.Nel mese di gennaio 2004 si \u00e8 proceduto alla sottoscrizione di un accordo di collaborazione con la Camera di Commercio Italo-Ellenica di Atene, finalizzato a sviluppare comuni sinergie e cooperazione nell\u2019ambito delle proprie finalit\u00e0 statutarie, evitando sovrapposizioni.[\/vc_column_text][\/vc_column][vc_column width=&#8221;1\/2&#8243;][vc_column_text]<\/p>\n<h2><strong>FEBBRAIO 2004<\/strong><\/h2>\n<p>Incontri con il Presidente dell\u2019Assindustria di Firenze e con il Presidente dell\u2019A.P.I. (Associazione Piccole Imprese) di Bologna.<br \/>\nNel febbraio 2004, si \u00e8 proceduto alla formalizzazione dell\u2019accordo con la Camera di Commercio Italiana per la Grecia di Atene, sottoscrivendo un Protocollo di Collaborazione, nell\u2019intento di realizzare iniziative comuni sul territorio italiano e\/o greco per il perseguimento dei rispettivi scopi sociali.<br \/>\nSempre nello stesso periodo una delegazione del Consiglio di Amministrazione della Camera, accompagnata ed introdotta dal Ministro Plenipotenziario per il Commercio dell\u2019Ambasciata di Grecia a Roma dott. Joannis Tzen, \u00e8 stata ricevuta dal Sindaco di Atene dott.ssa Dora Bacoianni, dal Presidente della Unione degli Agenti di Commercio del Pireo dott. Andreas Alexandris e dal dott. Giorgio Kasimatis, Presidente dell\u2019Unione Centrale delle Camere di Commercio di Grecia.<br \/>\nParticolare rilievo va dato all\u2019incontro tenutosi con il dott. Kasimatis, il quale ha assicurato alla C.C.I.E. il sostegno dell\u2019Unione delle Camere da lui presieduta per eventuali iniziative di collaborazione con le pi\u00f9 importanti Camere di Commercio del territorio greco, oltre che il futuro inserimento della CCIE nel circuito delle Camere di Commercio greche all\u2019estero.[\/vc_column_text][\/vc_column][\/vc_row][vc_row][vc_column width=&#8221;1\/2&#8243;][vc_column_text]<\/p>\n<h2><strong>27 FEBBRAIO 2004<\/strong><\/h2>\n<p>Partecipazione ufficiale all\u2019incontro delle Camere di Commercio miste con l\u2019On. Urso, Ministro del Commercio Estero, presso la Direzione Generale del Dicastero.<br \/>\nLa Camera \u00e8 stata invitata ufficialmente a prendere parte all\u2019incontro delle Camere di Commercio miste con l\u2019On. Urso, Ministro del Commercio Estero, presso la Direzione Generale del Dicastero.<br \/>\nNegli ultimi giorni dello stesso mese di febbraio, si sono tenuti incontri con il Presidente dell\u2019Assindustria di Firenze e con il Presidente dell\u2019A.P.I. (Associazione Piccole Imprese) di Bologna con lo scopo di valutare la possibilit\u00e0 di organizzare, presso le rispettive sedi, iniziative analoghe a quella realizzata a Patrasso.[\/vc_column_text][\/vc_column][vc_column width=&#8221;1\/2&#8243;][vc_column_text]<\/p>\n<h2><strong>MARZO 2004<\/strong><\/h2>\n<p>Avvio collaborazione con primaria fondazione di studi salentina al fine di valutare la possibilit\u00e0 di sviluppo progetti nel campo della cooperazione tra imprese greche e P.M.I. dell\u2019Italia meridionale.<br \/>\nNel marzo 2004 si \u00e8 dato avvio ad una collaborazione tra la C.C.I.E. e una primaria fondazione di studi salentina mirata a valutare la possibilit\u00e0 di sviluppare progetti nel campo della cooperazione tra imprese greche e p.m.i. dell\u2019Italia meridionale. Nello stesso periodo, la Camera ha promosso un incontro tra le autorit\u00e0 del Comune di Pescara e l\u2019Ambasciata della Repubblica Ellenica in Italia, per discutere dell\u2019avvio di una linea di trasporto marittimo tra la Grecia e l\u2019Italia.[\/vc_column_text][\/vc_column][\/vc_row][vc_row][vc_column width=&#8221;1\/2&#8243;][vc_column_text]<\/p>\n<h2><strong>13 MAGGIO 2004<\/strong><\/h2>\n<p>Sottoscrizione di un patto di gemellaggio tra le province di Roma e di Atene. Tale evento \u00e8 stato promosso e incentivato dalla C.C.I.E.<br \/>\nIn maggio 2004, la C.C.I.E. si \u00e8 fatta promotrice e ha dato impulso ad un\u2019iniziativa di cooperazione tra le province di Roma e di Atene, sfociata nella firma di un patto di gemellaggio tra le medesime province. In occasione di tale evento i Presidenti delle Province di Atene e di Roma hanno convenuto di realizzare (per i primi mesi del 2005), un incontro istituzionale presso la sede della Provincia di Atene, in occasione del quale saranno organizzati, durante due giornate di lavoro, incontri bilaterali tra imprenditori e soggetti economici italiani e greci interessati ad avviare reciproche collaborazioni.[\/vc_column_text][\/vc_column][vc_column width=&#8221;1\/2&#8243;][vc_column_text]<\/p>\n<h2><strong>11-19 SETTEMBRE 2004<\/strong><\/h2>\n<p>Partecipazione della C.C.I.E alla 68^ edizione della Fiera del Levante, con box informativo localizzato nel padiglione \u201cBorsa degli Affari\u201d.<br \/>\nNel settembre 2004, la Camera di Commercio Italo-Ellenica \u00e8 stata presente alla 68^ edizione della Fiera del Levante, con un proprio box informativo, presso la Borsa degli Affari. Durante la manifestazione fieristica, \u00e8 stato organizzato un seminario di approfondimento circa le possibilit\u00e0 di investimento nella Repubblica Ellenica.[\/vc_column_text][\/vc_column][\/vc_row][vc_row][vc_column][vc_column_text]<\/p>\n<h2><span class=\"Stile18\"><strong>GENNAIO 2005<\/strong><\/span><\/h2>\n<p><span class=\"Stile18\"><br \/>\nOrganizzazione di meeting, voluto dalle Province di Roma e di Atene, che si terr\u00e0 nella citt\u00e0 di Atene nei primi mesi del 2005, finalizzato all\u2019avvio di trattative economico-commerciali tra imprenditori greci ed italiani.<br \/>\nNegli ultimi mesi dell\u2019anno 2004 e in gennaio 2005, la Camera \u00e8 stata impegnata nell\u2019organizzazione della missione commerciale che si terr\u00e0 nel mese di febbraio 2005 ad Atene e che vedr\u00e0 riuniti organi istituzionali, cos\u00ec come numerose imprese greche e italiane che hanno inviato la propria adesione all\u2019iniziativa<\/span><span class=\"Stile15\">.<\/span>[\/vc_column_text][\/vc_column][\/vc_row][vc_row][vc_column][vc_column_text]<\/p>\n<h2>APRILE 2005<\/h2>\n<p class=\"western\" align=\"left\"><span style=\"font-family: Roboto, sans-serif; color: #000000;\"><span style=\"font-size: small;\">&#8216;E stato firmato un protocollo di accordo internazionale, voluto della provincia di Matera, tra camere di commercio e province greche\u00a0 e\u00a0 enti\u00a0 pubblici ed economici della provincia di Matera nonch\u00e9\u00a0 gruppi di affari e della CCIE. Nel protocollo di accordo la Camera di commercio italo ellenica \u00e8 stata presentata come l&#8217;ente leader che pu\u00f2 mettere in atto le iniziative economico-commerciali tra enti amministrativi greci e\u00a0 italian<\/span><\/span><span style=\"color: #006a9d;\"><span style=\"font-family: Roboto, sans-serif;\"><span style=\"font-size: small;\">i.<\/span><\/span><\/span><\/p>\n<p>[\/vc_column_text][\/vc_column][\/vc_row][vc_row][vc_column][vc_column_text]<\/p>\n<h2>APRILE 2005<\/h2>\n<p class=\"western\" align=\"left\"><span style=\"color: #000000;\"><span style=\"font-family: Roboto, sans-serif;\"><span style=\"font-size: small;\">&#8216;E stata organizzata una Press conference\u00a0 per l&#8217;inaugurazione della sede della Camera di commercio Italo ellenica per il sud Italia nella citt\u00e0 di Bari.<\/span><\/span><\/span><\/p>\n<p>[\/vc_column_text][\/vc_column][\/vc_row][vc_row][vc_column][vc_column_text]<\/p>\n<h2>MAGGIO 2005<\/h2>\n<p class=\"western\" align=\"left\"><span style=\"color: #000000;\"><span style=\"font-family: Roboto, sans-serif;\"><span style=\"font-size: small;\">La Camera di commercio Italo ellenica ha organizzato una missione ad Atene di imprenditori italiani nonch\u00e9 di enti commerciali e culturali, per un meeting organizzato dalla provincia di Attica con lo scopo di completare il gemellaggio tra le province di Atene Roma.<\/span><\/span><\/span><\/p>\n<p>[\/vc_column_text][\/vc_column][\/vc_row][vc_row][vc_column][vc_column_text]<\/p>\n<h2>ANNO 2006<\/h2>\n<ol>\n<li>La CCIE ha preso contatti con delle associazioni culturali nelle regioni del Lazio, Campania e Veneto con lo scopo di promuovere l&#8217;immagine della camera come previsto nell&#8217;articolo 1 dello statuto.<\/li>\n<li>Organizzazione di corsi di lingua greca e specialmente della terminologia tecnico-commerciale nelle citt\u00e0 di Bari e di Foggia (Gennaio-Maggio).<\/li>\n<li>Organizzazione, con la partecipazione dell&#8217;Associazione degli Albergatori della Grecia, di una missione di 35 giovani che lavorano nel settore turistico ed alberghiero, i quali sono stati invitati per visitare diverse localit\u00e0 dell&#8217;isola di Creta con lo scopo di mettersi al corrente riguardo le prospettive turistiche fuori stagione che l&#8217;isola posa offrire.<\/li>\n<li>Finalizzazione del sito in lingua italiana e aggiungendo delle pagine in lingua greca.<\/li>\n<li>La CCIE ha contribuito nello sviluppo di una tesi con tema\u00a0 le attivit\u00e0 che supportano e aiutano le imprese, nel settore della internazionalizzazione, delle camere di commercio italiane e quelle estere in Italia.<\/li>\n<li>Ha aiutato nella realizzazione di una Mostra di Agiografie per promuovere la cooperazione\u00a0 e l&#8217;interazione tra artisti ellenici ed italiani che si occupano dell&#8217;agiografia moderna.(Grottaferrata Roma, 2-16 Dicembre)<\/li>\n<li>Definizione con l&#8217;universit\u00e0 di Bari di un accordo cosicch\u00e9 gli studenti gia laureati che seguono un corso di Master col tema &#8221; cooperazione economica e culturale tra Enti confinanti, Italiani e del Adriatico&#8221; possano fare il loro tirocinio presso i nostri uffici.<\/li>\n<li>&#8216;E stata membro fondatore della Camera Arbitrale Internazionale Adriatica di Bari.<\/li>\n<\/ol>\n<p>[\/vc_column_text][\/vc_column][\/vc_row][vc_row][vc_column][vc_column_text]<\/p>\n<h2>ANNO 2007<\/h2>\n<ol>\n<li>Organizzazione a Milano di Workshop, con la gentile partecipazione dell&#8217;ufficio commerciale locale dell&#8217;Ambasciata Ellenica con tema &#8221; La nuova Legislazione Ellenica riguardo gli investimenti &#8211; Opportunit\u00e0 per\u00a0 le imprese straniere.<\/li>\n<li>Incontri tra imprenditori Italiani con le Autorit\u00e0 Elleniche e con delle Banche specializzate in investimenti e nel project financing, nell&#8217;ambito del Workshop.<\/li>\n<li>Organizzazione di missione commerciale di imprese elleniche nella regione della Puglia con la collaborazione della camera Italo &#8211; Orientale mirando in incontri &#8220;one\u00a0 to one&#8221;\u00a0 tra i membri della predetta camera e di imprenditori Greci interessati a commercializzare i loro prodotti in Italia.<\/li>\n<li>Organizzazione delle lezioni di lingua Greca, specialmente della terminologia tecnico-commerciale, per il primo semestre.<\/li>\n<\/ol>\n<p>[\/vc_column_text][\/vc_column][\/vc_row][vc_row][vc_column][vc_column_text]<\/p>\n<h4 class=\"western\" align=\"left\"><span style=\"font-family: Arial, serif;\"><span style=\"font-size: large;\"><span lang=\"it-IT\">ANNO 2008-2009<\/span><\/span><\/span><\/h4>\n<p class=\"western\" align=\"left\"><span style=\"font-family: Arial, serif;\"><span style=\"font-size: large;\"><span lang=\"it-IT\">1. Assistenza tecnica e consulenza ad aziende che hanno espresso interesse a partecipare alla fiera \u201dFranchising &amp; Trade\u201d di Milano con lo scopo di stringere collaborazioni e\/o di aprire negozi in franchising in Italia.<\/span><\/span><\/span><\/p>\n<p class=\"western\" align=\"left\"><span style=\"font-family: Arial, serif;\"><span style=\"font-size: large;\"><span lang=\"it-IT\">2. Preparazione di missione commerciale da tenersi in Grecia con incontri tra circa 15 imprese Italiane rappresentative di pi\u00f9 settori merceologi con equivalenti controparti elleniche realizzata in collaborazione della Camera di Commercio Italo-Ellenica di Salonicco.<\/span><\/span><\/span><\/p>\n<p>[\/vc_column_text][\/vc_column][\/vc_row][vc_row][vc_column][vc_column_text]<\/p>\n<h4 class=\"western\" align=\"left\"><span style=\"font-family: Arial, serif;\"><span style=\"font-size: large;\"><span lang=\"it-IT\">ANNO 2010-2011<\/span><\/span><\/span><\/h4>\n<p class=\"western\" align=\"left\"><span style=\"font-family: Arial, serif;\"><span style=\"font-size: large;\"><span lang=\"it-IT\">1. Continuando sempre nella stessa rotta,la Camera ha fornito il suo sostegno a organismi locali e ad aziende, offrendo assistenza tecnica senza e ricerca di opportunit\u00e0 di <\/span><\/span><\/span><span style=\"font-family: Arial, serif;\"><span style=\"font-size: large;\"><span lang=\"it-IT\">comune interesse<\/span><\/span><\/span><span style=\"font-family: Arial, serif;\"><span style=\"font-size: large;\"><span lang=\"it-IT\"> senza partecipare, favorendo cosi l\u2019inclusione nella cooperazione.<\/span><\/span><\/span><\/p>\n<p class=\"western\" align=\"left\"><span style=\"font-family: Arial, serif;\"><span style=\"font-size: large;\"><span lang=\"it-IT\">2.Approfondimento della \u201cCooperazione Transnazionale\u201d favorendo il ricorso allo strumento dell\u2019 strumento dell\u2019Action Plan, il quale prevede <\/span><\/span><\/span><span style=\"font-family: Arial, serif;\"><span style=\"font-size: large;\"><span lang=\"it-IT\">la messa in atto di <\/span><\/span><\/span><span style=\"font-family: Arial, serif;\"><span style=\"font-size: large;\"><span lang=\"it-IT\">un gruppo di proposte ben articolate, seguendo le tendenze del periodo, nei vari settori di commercio. Condivisione delle informazioni con le aziende interessate <\/span><\/span><\/span><span style=\"font-family: Arial, serif;\"><span style=\"font-size: large;\"><span lang=\"it-IT\">alle attivit\u00e0 e scopi previsti.<\/span><\/span><\/span><\/p>\n<p>[\/vc_column_text][\/vc_column][\/vc_row][vc_row][vc_column][vc_column_text]<\/p>\n<h4 class=\"western\" align=\"left\"><span style=\"font-family: Arial, serif;\"><span style=\"font-size: large;\"><span lang=\"it-IT\">ANNO 2012-2013<\/span><\/span><\/span><\/h4>\n<p class=\"western\" align=\"left\"><span style=\"font-family: Arial, serif;\"><span style=\"font-size: large;\"><span lang=\"it-IT\">1.\u00c8 continuata, nonostante la crisi in cui si \u00e8 trovata la Grecia e il clima economicamente avverso, la promozione delle opportunit\u00e0 che la Grecia offre per investimenti.<\/span><\/span><\/span><\/p>\n<p class=\"western\" align=\"left\"><span style=\"font-family: Arial, serif;\"><span style=\"font-size: large;\"><span lang=\"it-IT\">2. Firma di protocollo di collaborazione tra la camera italo-ellenica e la camera di commercio di <\/span><\/span><\/span><span style=\"font-family: Arial, serif;\"><span style=\"font-size: large;\"><span lang=\"it-IT\">I<\/span><\/span><\/span><span style=\"font-family: Arial, serif;\"><span style=\"font-size: large;\"><span lang=\"it-IT\">oannina con lo scopo di favorire i gi\u00e0 esistenti rapporti di collaborazione tra le imprese delle due regioni. <\/span><\/span><\/span><\/p>\n<p class=\"western\" align=\"left\"><span style=\"font-family: Arial, serif;\"><span style=\"font-size: large;\"><span lang=\"it-IT\">3. Nel contesto della collaborazione tra le Camere, \u00e8 stata organizzata una manifestazione, con tema \u201cPromozione della Collaborazione Imprenditoriale Italo-Ellenica.<\/span><\/span><\/span><\/p>\n<p>[\/vc_column_text][\/vc_column][\/vc_row][vc_row][vc_column][vc_column_text]<\/p>\n<h4 class=\"western\" align=\"left\"><span style=\"font-family: Arial, serif;\"><span style=\"font-size: large;\"><span lang=\"it-IT\">\u0391\u039d\u039d\u039f 2013-2014<\/span><\/span><\/span><\/h4>\n<p class=\"western\" align=\"left\"><span style=\"font-family: Arial, serif;\"><span style=\"font-size: large;\"><span lang=\"it-IT\">1.Adozione di un programma che prevede l\u2019organizzazione di work-shop in diverse citt\u00e0 delle regioni di Epiro e Puglia. <\/span><\/span><\/span><\/p>\n<p class=\"western\" align=\"left\"><span style=\"font-family: Arial, serif;\"><span style=\"font-size: large;\"><span lang=\"it-IT\">2. Promozione delle potenzialit\u00e0 di sinergie tra imprese italiane e greche con lo scopo di avviare iniziative commerciali congiunte verso paesi terzi con particolare attenzione all\u2019area del Mediterraneo e dei Balcani.<\/span><\/span><\/span><\/p>\n<p>[\/vc_column_text][\/vc_column][\/vc_row][vc_row][vc_column][vc_column_text]<\/p>\n<h4><span style=\"font-family: Arial, serif;\"><span style=\"font-size: large;\"><span lang=\"it-IT\">ANNO 2015-2016<\/span><\/span><\/span><\/h4>\n<p class=\"western\" align=\"left\"><span style=\"font-family: Arial, serif;\"><span style=\"font-size: large;\"><span lang=\"it-IT\">1. Continuando il suo supporto alle PMI la Camera ha contribuito alla conclusione di intese tra aziende importatrici elleniche di piante fruttifere e di agrumi con rinomati vivai del sud Italia.<\/span><\/span><\/span><\/p>\n<p class=\"western\" align=\"left\"><span style=\"font-family: Arial, serif;\"><span style=\"font-size: large;\"><span lang=\"it-IT\">2. Ha offerto il proprio bagaglio esperenziale ad aziende familiari elleniche per esportare i loro prodotti in Italia, in particolare ma non solo olive di Kalamata e di altre parti della Grecia.<\/span><\/span><\/span><\/p>\n<p>[\/vc_column_text][\/vc_column][\/vc_row][vc_row][vc_column][vc_column_text]<\/p>\n<h4 class=\"western\" align=\"left\"><span style=\"font-family: Arial, serif;\"><span style=\"font-size: large;\"><span lang=\"it-IT\">ANNO 2017-2018<\/span><\/span><\/span><\/h4>\n<p class=\"western\"><span style=\"font-family: Arial, serif;\"><span style=\"font-size: large;\"><span lang=\"it-IT\">\u00a0La Camera d\u2019Affari Italo Ellenica si \u00e8 adoperata per facilitare la messa in contatto di uno dei principali players nel campo delle forniture marittime militari con le Autorit\u00e0 Elleniche, allo scopo di far avviare il dialogo riguardante la fornitura di assistenza tecnica e di ricambi per navi della marina militare Ellenica.<\/span><\/span><\/span><\/p>\n<p>[\/vc_column_text][\/vc_column][\/vc_row][vc_row][vc_column][vc_column_text]<\/p>\n<h4 class=\"western\" align=\"left\"><span style=\"font-family: Arial, serif;\"><span style=\"font-size: large;\"><span lang=\"it-IT\">ANNO 2022<\/span><\/span><\/span><\/h4>\n<p class=\"western\" align=\"left\"><span style=\"font-family: Arial, serif;\"><span style=\"font-size: large;\"><span lang=\"it-IT\">Mettendo a disposizione la propria esperienza e i buoni rapporti con le altre camere di commercio della Grecia ovest, ha favorito la possibilit\u00e0 di investimento di operatori economici italiani nel campo della mitilcoltura sul territorio Greco.<\/span><\/span><\/span><\/p>\n<p>[\/vc_column_text][\/vc_column][\/vc_row]<\/p>\n","protected":false},"excerpt":{"rendered":"<p>[vc_row][vc_column width=&#8221;1\/2&#8243;][vc_column_text] 16 &#8211; 17 MAGGIO 2003 Invito a partecipare ai lavori del \u201cForum delle Camere di Commercio delle Aree dello Ionio e dell\u2019Adriatico\u201d tenutosi nella citt\u00e0 di Igoumenitsa (Gr). Nei giorni 16 e 17 maggio 2003 il Presidente, in rappresentanza della Camera, interveniva presso il \u201cForum delle Camere di Commercio delle Aree dello Ionio [&hellip;]<\/p>\n","protected":false},"author":1,"featured_media":0,"parent":0,"menu_order":0,"comment_status":"closed","ping_status":"closed","template":"","meta":{"_mi_skip_tracking":false},"aioseo_notices":[],"lang":"it","translations":{"it":8106},"pll_sync_post":[],"_links":{"self":[{"href":"https:\/\/gritbc.com\/index.php?rest_route=\/wp\/v2\/pages\/8106"}],"collection":[{"href":"https:\/\/gritbc.com\/index.php?rest_route=\/wp\/v2\/pages"}],"about":[{"href":"https:\/\/gritbc.com\/index.php?rest_route=\/wp\/v2\/types\/page"}],"author":[{"embeddable":true,"href":"https:\/\/gritbc.com\/index.php?rest_route=\/wp\/v2\/users\/1"}],"replies":[{"embeddable":true,"href":"https:\/\/gritbc.com\/index.php?rest_route=%2Fwp%2Fv2%2Fcomments&post=8106"}],"version-history":[{"count":20,"href":"https:\/\/gritbc.com\/index.php?rest_route=\/wp\/v2\/pages\/8106\/revisions"}],"predecessor-version":[{"id":8233,"href":"https:\/\/gritbc.com\/index.php?rest_route=\/wp\/v2\/pages\/8106\/revisions\/8233"}],"wp:attachment":[{"href":"https:\/\/gritbc.com\/index.php?rest_route=%2Fwp%2Fv2%2Fmedia&parent=8106"}],"curies":[{"name":"wp","href":"https:\/\/api.w.org\/{rel}","templated":true}]}}